 of 283913?
7, 40559
List the prime factors of 701089.
701089
List the prime factors of 958086.
2, 3, 17, 31, 101
List the prime factors of 148772.
2, 13, 2861
List the prime factors of 30739817.
31, 991607
List the prime factors of 87579.
3, 37, 263
List the prime factors of 680088.
2, 3, 43, 659
List the prime factors of 77149.
179, 431
List the prime factors of 392197.
13, 30169
What are the prime factors of 9870145?
5, 1974029
List the prime factors of 4794343.
4794343
List the prime factors of 2439842.
2, 991, 1231
What are the prime factors of 275627?
11, 25057
What are the prime factors of 286584?
2, 3, 11941
List the prime factors of 636089.
17, 31, 71
What are the prime factors of 653448?
2, 3, 19, 1433
List the prime factors of 352947.
3, 7
What are the prime factors of 1500189?
3, 193, 2591
List the prime factors of 215847.
3, 29, 827
What are the prime factors of 12635500?
2, 5, 37, 683
List the prime factors of 122084.
2, 23, 1327
What are the prime factors of 1444800?
2, 3, 5, 7, 43
List the prime factors of 9132647.
97, 94151
What are the prime factors of 506874?
2, 3, 23, 3673
List the prime factors of 139974.
2, 3, 41, 569
What are the prime factors of 231219?
3, 23, 1117
What are the prime factors of 6207975?
3, 5, 17, 541
What are the prime factors of 26301?
3, 11, 797
List the prime factors of 6950163.
3, 11, 23, 9157
List the prime factors of 276270.
2, 3, 5, 9209
List the prime factors of 171227.
7, 61, 401
What are the prime factors of 454301?
149, 3049
List the prime factors of 1618914.
2, 3, 11, 19, 1291
List the prime factors of 3328771.
53, 181, 347
What are the prime factors of 1555010?
2, 5, 155501
What are the prime factors of 266637?
3, 7, 12697
What are the prime factors of 240673?
19, 53, 239
What are the prime factors of 1075328?
2, 31, 271
What are the prime factors of 5012756?
2, 7, 17, 10531
What are the prime factors of 776583?
3, 86287
What are the prime factors of 3250329?
3, 1083443
What are the prime factors of 3025094?
2, 1512547
List the prime factors of 944876.
2, 236219
List the prime factors of 1223801.
823, 1487
What are the prime factors of 967957?
37, 26161
What are the prime factors of 7412996?
2, 59, 101, 311
List the prime factors of 1716657.
3, 389, 1471
What are the prime factors of 261391?
13, 20107
What are the prime factors of 1020565?
5, 7, 13, 2243
List the prime factors of 294078.
2, 3, 23, 2131
List the prime factors of 316586.
2, 158293
List the prime factors of 206194.
2, 131, 787
List the prime factors of 2877021.
3, 7, 45667
What are the prime factors of 5066895?
3, 5, 337793
What are the prime factors of 1523251?
17, 89603
List the prime factors of 12062141.
7, 13, 83, 1597
What are the prime factors of 989641?
989641
List the prime factors of 962259.
3, 37, 8669
What are the prime factors of 1974933?
3, 219437
What are the prime factors of 342985?
5, 68597
List the prime factors of 2712816.
2, 3, 18839
List the prime factors of 2154233.
263, 8191
What are the prime factors of 281522?
2, 140761
List the prime factors of 18724357.
547, 34231
What are the prime factors of 4987175?
5, 199487
What are the prime factors of 2965271?
61, 48611
What are the prime factors of 1416894?
2, 3, 107, 2207
List the prime factors of 1020607.
7, 211, 691
What are the prime factors of 2034167?
61, 33347
List the prime factors of 5093119.
569, 8951
What are the prime factors of 302674?
2, 151337
What are the prime factors of 2135553?
3, 7, 101693
List the prime factors of 700292.
2, 29, 6037
What are the prime factors of 5141744?
2, 321359
What are the prime factors of 8087703?
3, 13, 207377
List the prime factors of 2066312.
2, 173, 1493
What are the prime factors of 876483?
3, 97387
What are the prime factors of 2478104?
2, 307, 1009
What are the prime factors of 125563?
307, 409
List the prime factors of 1612810.
2, 5, 161281
List the prime factors of 800435.
5, 160087
List the prime factors of 83066.
2, 41, 1013
What are the prime factors of 1505262?
2, 3, 11, 22807
What are the prime factors of 2386469?
2386469
What are the prime factors of 1915408?
2, 11, 10883
What are the prime factors of 347543?
7, 131, 379
What are the prime factors of 332852?
2, 13, 37, 173
What are the prime factors of 321019?
59, 5441
List the prime factors of 28789409.
11, 237929
List the prime factors of 30151.
11, 2741
List the prime factors of 3048994.
2, 13, 117269
What are the prime factors of 6276143?
6276143
What are the prime factors of 263082?
2, 3, 163, 269
List the prime factors of 16250.
2, 5, 13
List the prime factors of 3933257.
3933257
What are the prime factors of 603113?
7, 29, 2971
List the prime factors of 660757.
660757
What are the prime factors of 597918?
2, 3, 227, 439
List the prime factors of 265730.
2, 5, 26573
List the prime factors of 2770143.
3, 19, 23, 2113
What are the prime factors of 1276541?
7, 43, 4241
List the prime factors of 3441203.
3441203
What are the prime factors of 346492?
2, 29, 103
List the prime factors of 6010281.
3, 74201
List the prime factors of 6771178.
2, 3385589
What are the prime factors of 69632?
2, 17
List the prime factors of 1017688.
2, 7, 17, 1069
List the prime factors of 8491.
7, 1213
What are the prime factors of 11639993?
163, 71411
What are the prime factors of 1925203?
7, 229, 1201
What are the prime factors of 2438606?
2, 1219303
List the prime factors of 22073524.
2, 11, 29, 17299
What are the prime factors of 71292?
2, 3, 13, 457
List the prime factors of 7588674.
2, 3, 89, 1579
What are the prime factors of 900542?
2, 23, 19577
List the prime factors of 636738.
2, 3, 106123
List the prime factors of 583701.
3, 103, 1889
List the prime factors of 39019250.
2, 5, 17, 9181
List the prime factors of 720640.
2, 5, 563
List the prime factors of 142690.
2, 5, 19, 751
List the prime factors of 2476996.
2, 239, 2591
What are the prime factors of 7754439?
3, 7, 11, 33569
List the prime factors of 538870.
2, 5, 53887
List the prime factors of 9777253.
2531, 3863
List the prime factors of 335973.
3, 11, 10181
What are the prime factors of 971111?
971111
What are the prime factors of 779952?
2, 3, 16249
List the prime factors of 6971487.
3, 97, 23957
What are the prime factors of 7283259?
3, 17, 181, 263
List the prime factors of 27049683.
3, 9016561
What are the prime factors of 2421024?
2, 3, 25219
What are the prime factors of 6665785?
5, 7, 17, 659
What are the prime factors of 244289?
191, 1279
What are the prime factors of 1880975?
5, 75239
List the prime factors of 493673.
61, 8093
What are the prime factors of 4092660?
2, 3, 5, 11, 13, 53
What are the prime factors of 444196?
2, 111049
What are the prime factors of 3174698?
2, 1587349
List the prime factors of 1660370.
2, 5, 23, 7219
What are the prime factors of 54985?
5, 7, 1571
What are the prime factors of 145832?
2, 18229
List the prime factors of 7372694.
2, 7, 37, 43, 331
List the prime factors of 5928213.
3, 1976071
What are the prime factors of 8499608?
2, 13, 81727
What are the prime factors of 7007306?
2, 151, 23203
List the prime factors of 15233393.
7, 557, 3907
List the prime factors of 411395.
5, 82279
List the prime factors of 3174408.
2, 3, 44089
List the prime factors of 15130521.
3, 7, 37, 6491
List the prime factors of 7014172.
2, 11, 23, 29, 239
List the prime factors of 1299211.
1299211
List the prime factors of 1727226.
2, 3, 95957
List the prime factors of 365250.
2, 3, 5, 487
What are the prime factors of 142793?
7, 20399
What are the prime factors of 142613?
17, 8389
What are the prime factors of 24039?
3, 2671
List the prime factors of 12840159.
3, 4280053
List the prime factors of 187891.
11, 19, 29, 31
List the prime factors of 14083720.
2, 5, 7, 179, 281
What are the prime factors of 4333496?
2, 733, 739
What are the prime factors of 251252?
2, 23, 2731
List the prime factors of 13849642.
2, 53, 130657
What are the prime factors of 1339430?
2, 5, 17, 7879
List the prime factors of 247531.
247531
What are the prime factors of 773397?
3, 85933
List the prime factors of 3407162.
2, 11, 154871
What are the prime factors of 229255?
5, 13, 3527
List the prime factors of 1069952.
2, 13, 643
List the prime factors of 4228280.
2, 5, 7, 15101
List the prime factors of 151519.
27